64284661 a composite number?
False
Is 6573037 prime?
False
Is 841751 composite?
False
Is 1070131 a composite number?
False
Is 66629963 composite?
False
Is 3005657 prime?
False
Is 9294889 a prime number?
True
Is 80069293 prime?
True
Is 230884009 prime?
True
Is 46232489 a prime number?
True
Is 517267858 a composite number?
True
Is 42994351 composite?
False
Is 712199 prime?
True
Is 6915371 prime?
True
Is 5843969 prime?
True
Is 6690169 a composite number?
False
Is 1419689017 a composite number?
False
Is 20708741 prime?
True
Is 410439079 composite?
True
Is 1708513 a composite number?
False
Is 21167347 a prime number?
False
Is 2756333 prime?
False
Is 1480085 prime?
False
Is 15791969 prime?
True
Is 6520721 composite?
True
Is 374070673 a prime number?
False
Is 1739133007 composite?
True
Is 431686337 a composite number?
False
Is 5115439 a prime number?
False
Is 41792983 prime?
True
Is 894827751 a prime number?
False
Is 31209043 composite?
False
Is 1895 composite?
True
Is 1042571 a prime number?
True
Is 82628699 composite?
False
Is 79055579 a composite number?
False
Is 129078871 prime?
True
Is 292818193 prime?
True
Is 1205601 prime?
False
Is 15882893 composite?
True
Is 17794097 a prime number?
False
Is 690241 a prime number?
False
Is 12863087 prime?
False
Is 8068317 a composite number?
True
Is 29317 composite?
True
Is 1122401 a composite number?
True
Is 598260007 a composite number?
False
Is 45255097 a prime number?
True
Is 24055139 a prime number?
True
Is 26903 a prime number?
True
Is 107833 composite?
True
Is 6324529 composite?
False
Is 219012767 prime?
True
Is 786042503 composite?
True
Is 193571 composite?
True
Is 406297409 composite?
True
Is 76402397 a prime number?
True
Is 13281419 prime?
False
Is 4697141 composite?
False
Is 7044259 prime?
True
Is 160183057 a composite number?
False
Is 4043069 composite?
True
Is 203758099 composite?
False
Is 15300601 composite?
False
Is 116730226 a prime number?
False
Is 113447627 a composite number?
False
Is 3373961 prime?
True
Is 1253587 a composite number?
False
Is 6332449 composite?
True
Is 10665041 a prime number?
True
Is 560942951 composite?
False
Is 9286799 a prime number?
True
Is 6271906 a prime number?
False
Is 8378131 composite?
False
Is 32724557 prime?
False
Is 10866683 prime?
True
Is 24945329 composite?
False
Is 38637187 prime?
True
Is 91897787 a prime number?
True
Is 1166941 a composite number?
True
Is 258785929 a composite number?
False
Is 1314635159 a composite number?
False
Is 624191 composite?
False
Is 2247989 prime?
False
Is 227506483 a prime number?
True
Is 4912563 a prime number?
False
Is 5753381 prime?
False
Is 401348335 prime?
False
Is 399847999 composite?
False
Is 204914927 prime?
False
Is 65280341 composite?
True
Is 30998879 composite?
False
Is 196361 a composite number?
True
Is 56885921 composite?
True
Is 190723069 composite?
False
Is 29090381 prime?
False
Is 2582249 a composite number?
True
Is 10702565 prime?
False
Is 58388929 composite?
False
Is 37475794 a composite number?
True
Is 13108805 composite?
True
Is 60842989 composite?
False
Is 6746339 composite?
False
Is 29739449 prime?
True
Is 16227335 composite?
True
Is 1466189 prime?
False
Is 144065411 prime?
False
Is 1697657 prime?
False
Is 172495949 composite?
False
Is 594555761 a composite number?
False
Is 30457823 composite?
True
Is 158209 prime?
True
Is 5693509 a composite number?
False
Is 98855997 composite?
True
Is 4564039 composite?
False
Is 31201319 prime?
False
Is 77863483 a prime number?
True
Is 172001 a prime number?
True
Is 427813669 prime?
False
Is 9663857 prime?
False
Is 14064733 a composite number?
False
Is 41674333 a prime number?
False
Is 5186627 prime?
True
Is 184657103 composite?
False
Is 30534362 a composite number?
True
Is 75709327 a composite number?
True
Is 15719147 composite?
False
Is 3822583 a composite number?
False
Is 1353097 composite?
True
Is 183542 a prime number?
False
Is 48357839 a prime number?
True
Is 409958249 composite?
False
Is 69140891 composite?
False
Is 6939277 a prime number?
True
Is 205470841 a prime number?
False
Is 608861185 a prime number?
False
Is 3761159 a prime number?
True
Is 322994821 a composite number?
True
Is 9050037 a prime number?
False
Is 690128497 prime?
True
Is 103721311 composite?
False
Is 8275703 a composite number?
False
Is 159505685 a composite number?
True
Is 7699243 a composite number?
False
Is 7549133 a composite number?
True
Is 56786827 a prime number?
True
Is 909301463 a composite number?
True
Is 4388863 composite?
True
Is 79367017 composite?
True
Is 239404609 a prime number?
False
Is 4488421 a composite number?
True
Is 12041831 a composite number?
True
Is 22942181 a composite number?
False
Is 19413631 prime?
False
Is 619250323 prime?
False
Is 36261233 a prime number?
False
Is 892646 composite?
True
Is 3776645 a prime number?
False
Is 209121653 composite?
True
Is 31279 a composite number?
True
Is 3348599 composite?
False
Is 1279891 a composite number?
True
Is 251443709 a composite number?
True
Is 152652457 prime?
False
Is 596263883 prime?
True
Is 505688891 a composite number?
True
Is 705177247 prime?
False
Is 697043 prime?
False
Is 5203487 prime?
False
Is 30858119 composite?
False
Is 6715769 a composite number?
False
Is 20598367 composite?
False
Is 5270303 prime?
True
Is 5596057 a composite number?
False
Is 51023771 composite?
True
Is 696055105 a prime number?
False
Is 2190959 a composite number?
False
Is 2394881 a composite number?
False
Is 6437974 composite?
True
Is 233507933 a composite number?
False
Is 1358411 a composite number?
False
Is 617219 a composite number?
True
Is 17800253 a prime number?
True
Is 285901687 composite?
False
Is 3296369 composite?
False
Is 15543259 composite?
True
Is 4081849 a prime number?
True
Is 14113786 a prime number?
False
Is 58078753 a composite number?
True
Is 11433473 prime?
True
Is 72349813 a prime number?
False
Is 20753587 composite?
True
Is 78737359 a prime number?
True
Is 24067843 prime?
True
Is 105460627 a composite number?
True
Is 78297035 composite?
True
Is 4360439 prime?
True
Is 462611 composite?
True
Is 32157091 a composite number?
False
Is 249497147 a composite number?
False
Is 20303923 prime?
True
Is 525877241 composite?
False
Is 134358307 a composite number?
False
Is 953389 prime?
False
Is 14021063 prime?
False
Is 18890701 a composite number?
True
Is 645179 prime?
True
Is 1048822337 a composite number?
True
Is 5361841 a composite number?
True
Is 27416213 a prime number?
False
Is 1706113 a prime number?
True
Is 849523 a composite number?
False
Is 47984911 prime?
False
Is 6391789 a prime number?
True
Is 245904749 composite?
False
Is 528347 a prime number?
False
Is 459593 composite?
False
Is 26687 composite?
False
Is 190483259 a composite number?
False
Is 216543851 prime?
True
Is 10857263 a prime number?
True
Is 33736709 a composite number?
False
Is 2217947 a composite number?
False
Is 19179959 prime?
True
Is 5271599 a prime number?
True
Is 1056493 a prime number?
True
Is 3394877 composite?
True
Is 124586899 a composite number?
True
Is 39152869 composite?
True
Is 1952321 prime?
False
Is 1308077 a prime number?
True
Is 15848969 a composite number?
False
Is 4683919 a composite number?
False
Is 470843 composite?
True
Is 22668623 a composite number?
False
Is 222207917 prime?
True
Is 1845739 prime?
False
Is 46818619 a prime number?
False
Is 31252877 composite?
False
Is 21513979 a composite number?
False
Is 14308157 prime?
False
Is 9085073 a composite number?
False
Is 942883 a prime number?
True
Is 2941982 composite?
True
Is 15256127 prime?
True
Is 8562479 composite?
True
Is 5311843 a prime number?
False
Is 18552067 a prime number?
False
Is 2504291 a prime number?
True
Is 14029303 composite?
False
Is 170596103 composite?
False
Is 3684143 prime?
False
Is 92724081 prime?
False
Is 4151033 prime?
False
Is 18841191 composite?
True
Is 8568314 a prime number?
False
Is 878333 a prime number?
False
Is 12250063 prime?
False
Is 46346549 a composite number?
False
Is 27472457 a prime number?
False
Is 4168831 a prime number?
True
Is 26936461 composite?
False
Is 708143 prime?
False
Is 380389 composite?
True
Is 7151 a composite number?
False
Is 2957811 a prime number?
False
Is 23916391 composite?
True
Is 7293311 a prime number?
False
Is 378071 a p